 of 1127?
7, 23
List the prime factors of 10405.
5, 2081
What are the prime factors of 635?
5, 127
What are the prime factors of 191431?
47, 4073
What are the prime factors of 5980?
2, 5, 13, 23
List the prime factors of 2219.
7, 317
What are the prime factors of 24090?
2, 3, 5, 11, 73
List the prime factors of 1133.
11, 103
List the prime factors of 9004.
2, 2251
What are the prime factors of 19287?
3, 2143
What are the prime factors of 3438?
2, 3, 191
What are the prime factors of 6701?
6701
List the prime factors of 4639.
4639
What are the prime factors of 18156?
2, 3, 17, 89
List the prime factors of 524.
2, 131
What are the prime factors of 1258?
2, 17, 37
What are the prime factors of 1529?
11, 139
What are the prime factors of 2016?
2, 3, 7
List the prime factors of 1988.
2, 7, 71
What are the prime factors of 2773?
47, 59
What are the prime factors of 61560?
2, 3, 5, 19
What are the prime factors of 2046?
2, 3, 11, 31
List the prime factors of 1351.
7, 193
List the prime factors of 6609.
3, 2203
List the prime factors of 37775.
5, 1511
What are the prime factors of 4554?
2, 3, 11, 23
What are the prime factors of 8179?
8179
List the prime factors of 11634.
2, 3, 7, 277
List the prime factors of 2502.
2, 3, 139
What are the prime factors of 2?
2
List the prime factors of 492.
2, 3, 41
List the prime factors of 87876.
2, 3, 2441
List the prime factors of 7646.
2, 3823
What are the prime factors of 5442?
2, 3, 907
What are the prime factors of 129946?
2, 43, 1511
What are the prime factors of 11028?
2, 3, 919
List the prime factors of 675.
3, 5
What are the prime factors of 2802?
2, 3, 467
List the prime factors of 824.
2, 103
List the prime factors of 45488.
2, 2843
List the prime factors of 68907.
3, 103, 223
What are the prime factors of 62598?
2, 3, 10433
List the prime factors of 20086.
2, 11, 83
List the prime factors of 16565.
5, 3313
What are the prime factors of 38368?
2, 11, 109
What are the prime factors of 1710?
2, 3, 5, 19
List the prime factors of 9889.
11, 29, 31
What are the prime factors of 1093?
1093
List the prime factors of 1257.
3, 419
List the prime factors of 17548.
2, 41, 107
What are the prime factors of 13290?
2, 3, 5, 443
List the prime factors of 29179.
29179
What are the prime factors of 4709?
17, 277
List the prime factors of 12493.
13, 31
What are the prime factors of 108230?
2, 5, 79, 137
List the prime factors of 139.
139
List the prime factors of 2001.
3, 23, 29
List the prime factors of 1498.
2, 7, 107
What are the prime factors of 1647?
3, 61
What are the prime factors of 14532?
2, 3, 7, 173
List the prime factors of 17017.
7, 11, 13, 17
What are the prime factors of 1223?
1223
What are the prime factors of 209?
11, 19
What are the prime factors of 1620?
2, 3, 5
What are the prime factors of 67124?
2, 97, 173
List the prime factors of 59392.
2, 29
List the prime factors of 2134.
2, 11, 97
What are the prime factors of 44121?
3, 7, 11, 191
List the prime factors of 4392.
2, 3, 61
List the prime factors of 162395.
5, 32479
List the prime factors of 12111.
3, 11, 367
List the prime factors of 6481.
6481
List the prime factors of 1168.
2, 73
What are the prime factors of 16136?
2, 2017
What are the prime factors of 4635?
3, 5, 103
What are the prime factors of 2860?
2, 5, 11, 13
What are the prime factors of 9946?
2, 4973
List the prime factors of 5887.
7, 29
What are the prime factors of 4735?
5, 947
List the prime factors of 10993.
10993
What are the prime factors of 20006?
2, 7, 1429
List the prime factors of 924.
2, 3, 7, 11
List the prime factors of 30724.
2, 7681
List the prime factors of 34653.
3, 11551
List the prime factors of 936.
2, 3, 13
List the prime factors of 968.
2, 11
List the prime factors of 23007.
3, 7669
What are the prime factors of 1152?
2, 3
List the prime factors of 79482.
2, 3, 13, 1019
List the prime factors of 1877.
1877
What are the prime factors of 67982?
2, 19, 1789
What are the prime factors of 23292?
2, 3, 647
What are the prime factors of 71376?
2, 3, 1487
What are the prime factors of 2652?
2, 3, 13, 17
What are the prime factors of 74091?
3, 24697
What are the prime factors of 66390?
2, 3, 5, 2213
What are the prime factors of 1605?
3, 5, 107
List the prime factors of 11589.
3, 3863
List the prime factors of 68620.
2, 5, 47, 73
What are the prime factors of 5337?
3, 593
List the prime factors of 1140.
2, 3, 5, 19
List the prime factors of 8895.
3, 5, 593
What are the prime factors of 14506?
2, 7253
List the prime factors of 81785.
5, 11, 1487
What are the prime factors of 793?
13, 61
List the prime factors of 8870.
2, 5, 887
List the prime factors of 66388.
2, 7, 2371
What are the prime factors of 69304?
2, 8663
What are the prime factors of 3893?
17, 229
What are the prime factors of 7114?
2, 3557
List the prime factors of 747.
3, 83
List the prime factors of 10620.
2, 3, 5, 59
What are the prime factors of 6427?
6427
What are the prime factors of 42637?
7, 6091
List the prime factors of 55993.
7, 19, 421
What are the prime factors of 11273?
11273
What are the prime factors of 2164?
2, 541
What are the prime factors of 704?
2, 11
List the prime factors of 13303.
53, 251
List the prime factors of 101674.
2, 29, 1753
List the prime factors of 112096.
2, 31, 113
What are the prime factors of 27442?
2, 13721
List the prime factors of 10446.
2, 3, 1741
What are the prime factors of 1444?
2, 19
List the prime factors of 1119.
3, 373
List the prime factors of 36765.
3, 5, 19, 43
What are the prime factors of 6218?
2, 3109
List the prime factors of 299.
13, 23
List the prime factors of 883.
883
List the prime factors of 3716.
2, 929
What are the prime factors of 1777?
1777
List the prime factors of 15981.
3, 7, 761
List the prime factors of 19198.
2, 29, 331
List the prime factors of 17333.
17333
List the prime factors of 8582.
2, 7, 613
List the prime factors of 2653.
7, 379
List the prime factors of 16076.
2, 4019
List the prime factors of 13167.
3, 7, 11, 19
What are the prime factors of 7822?
2, 3911
List the prime factors of 2376.
2, 3, 11
List the prime factors of 3270.
2, 3, 5, 109
What are the prime factors of 1242?
2, 3, 23
List the prime factors of 5872.
2, 367
What are the prime factors of 6558?
2, 3, 1093
What are the prime factors of 41031?
3, 47, 97
List the prime factors of 52858.
2, 13, 19, 107
List the prime factors of 10513.
10513
What are the prime factors of 10532?
2, 2633
List the prime factors of 27745.
5, 31, 179
What are the prime factors of 12723?
3, 4241
What are the prime factors of 2325?
3, 5, 31
What are the prime factors of 114099?
3, 73, 521
List the prime factors of 693.
3, 7, 11
What are the prime factors of 4849?
13, 373
List the prime factors of 14811.
3, 4937
What are the prime factors of 1291?
1291
What are the prime factors of 1201?
1201
List the prime factors of 1489.
1489
List the prime factors of 20026.
2, 17, 19, 31
List the prime factors of 99187.
11, 71, 127
List the prime factors of 565.
5, 113
List the prime factors of 6230.
2, 5, 7, 89
What are the prime factors of 3652?
2, 11, 83
List the prime factors of 12514.
2, 6257
What are the prime factors of 31250?
2, 5
What are the prime factors of 15823?
15823
What are the prime factors of 11291?
7, 1613
What are the prime factors of 42113?
23, 1831
What are the prime factors of 124553?
11, 13, 67
List the prime factors of 8982.
2, 3, 499
What are the prime factors of 6575?
5, 263
List the prime factors of 3645.
3, 5
List the prime factors of 11522.
2, 7, 823
What are the prime factors of 1834?
2, 7, 131
List the prime factors of 5400.
2, 3, 5
What are the prime factors of 3575?
5, 11, 13
List the prime factors of 35272.
2, 4409
List the prime factors of 2430.
2, 3, 5
List the prime factors of 12071.
12071
What are the prime factors of 1231?
1231
What are the prime factors of 60027?
3, 11, 17, 107
List the prime factors of 4495.
5, 29, 31
List the prime factors of 13819.
13, 1063
List the prime factors of 11851.
7, 1693
What are the prime factors of 1713?
3, 571
What are the prime factors of 22079?
22079
List the prime factors of 3756.
2, 3, 313
What are the prime factors of 9160?
2, 5, 229
What are the prime factors of 20270?
2, 5, 2027
List the prime factors of 10176.
2, 3, 53
Wha